alue of -27 + (18 - 6 - 5 - -5)?
-15
-26 + 6 + 17 - -7
4
What is -3 + (-5 - (2 - -4 - 7)) - 2?
-9
Evaluate -2 + (13 + -6 - 20).
-15
What is 35 + 5 - 30 - 32?
-22
What is -546 + 524 - (-22 - 0)?
0
What is the value of 17 + 16 + -49 - -37?
21
What is -13 + (28 - (-10 + 16))?
9
What is (-6 - (0 + -1 - (-29 - -24))) + -6?
-16
What is the value of (7 - 26 - -17) + 16?
14
(-3 - 0) + (6 - 0) + -7
-4
(-2 - 2) + 1 + 0
-3
-8 + -9 + 11 - (-4 + 2)
-4
Evaluate -5 + (-10 - -6) + (12 + -7 - 8).
-12
What is the value of ((9 - -1) + -3 - 18) + 10?
-1
What is (-9 - ((-3 - -3) + -2)) + 52 + -28?
17
What is 23 - (-3 - (25 + -30))?
21
Evaluate (-6 - (11 - ((2 - -10) + 0))) + -27.
-32
What is (60 - 48 - (0 + 3)) + 9 + -42?
-24
Evaluate -3 - -2 - (60 + -58 + 0 + -3).
0
5 + 12 + (-2 - 23) - -16
8
9 - (1 + (27 - 3) + 0 + 1)
-17
Calculate (4 - (-4 - -2)) + 4 + (-5 - 10).
-5
What is the value of 5 + -14 + 13 + -8?
-4
What is (-11 - -2) + (-5 - (-26 + 22))?
-10
Calculate 11 + 1 + 3 + -16.
-1
Calculate (-1 - 4) + (11 - 12) - (-4 - 9).
7
Calculate -8 - (-18 - -20) - ((-4 - -8) + 5).
-19
What is -42 + 23 + 21 - (-4 - -2 - 3)?
7
Evaluate -10 + 13 + (-2 - 4 - -1).
-2
(-66 - -69) + 1 + -3
1
What is -7 + 3 - -21 - (-3 + (5 - 1))?
16
What is -1 + (-3 - (5 - (1 + 4)))?
-4
2 + 1 + -17 + (-19 + 15 - -11)
-7
Evaluate (20 - 35) + -22 - -15.
-22
What is 3 + -37 + 25 - (2 - 5 - 30)?
24
Evaluate -4 + -22 - 1 - (-5 - 1).
-21
What is -10 - (-36 - -34) - (9 + (-1 - 1))?
-15
Calculate (-7 - -12) + -29 - (6 + 12 - 12).
-30
Calculate 187 - 212 - (-3 - -2).
-24
133 + -146 - (3 + -32)
16
Evaluate (14 - (31 + -1) - -6) + -7.
-17
Evaluate -4 + -3 + 1 + 20 + (-46 - -22).
-10
What is 26 + 0 + -4 - 9?
13
Evaluate -3 + (9 - (15 - 24)).
15
Calculate 18 + -6 + 1 + -6 - 13.
-6
What is (17 - (-9 + (0 - -6))) + -8?
12
Evaluate 7 - 19 - (-33 - -34).
-13
What is the value of 26 + (3 - (-32 - -37))?
24
Calculate (-21 - -11) + 1 + -4.
-13
What is -3 - (-2 - -24 - (12 + -3))?
-16
What is the value of 0 + 14 + -6 + -31?
-23
Evaluate 6 + 0 - (-52 + 39 + (10 - -9)).
0
Evaluate -3 + 46 + -26 - 29.
-12
What is the value of (-4 - (1 + -10)) + (-1 - (3 - 1))?
2
Calculate 6 + (-4 + -2 - 17) + 9.
-8
67 + (-48 - -29) + -13
35
Calculate 20 + (-10 + 1 + 6 - 1).
16
(-12 - -18) + (-9 - 3) - -26
20
What is the value of 12 - (12 - 1 - 11)?
12
What is the value of 2 - (24 + -43) - (1 - (2 + -2))?
20
What is the value of 6 + (7 + -17 - -6) + (-3 - -4)?
3
Evaluate -19 + 14 + 6 + 18 + -33.
-14
What is (14 - 17) + 10 - 9?
-2
What is the value of (2 + 0 - 11) + 3 - (-1 + -5)?
0
What is -8 + -7 + 18 + 13?
16
6 - (11 - (6 - -6) - (2 - -1))
10
What is -2 + (13 - -1 - 9) - -7 - 11?
-1
Evaluate 194 + -232 - (-1 + -19).
-18
Calculate -10 - ((4 - -6) + 35 + -43).
-12
What is the value of (0 - -6) + 3 - (-299 - -290)?
18
What is 0 - 5 - -2 - (-100 - -95)?
2
86 + -85 - ((-1 - -1) + 3)
-2
What is the value of 6 + (-3 + 6 - 8 - 15)?
-14
(-12 - -10 - -7) + (-4 - 8 - 0)
-7
What is the value of 4 + ((22 - 12) + -15 - (-5 - -2))?
2
Evaluate (-3 - -3) + -4 - -2 - 3.
-5
What is -5 + (-23 - -46) + -5?
13
What is (4 - ((-10 - -11) + 1)) + -6?
-4
Calculate -5 + 0 + (2 - -2) + -6.
-7
25 + 2 + (-401 - -388)
14
Calculate (3 - 14) + 3 + 25 + -43 + 22.
-4
What is the value of 0 + -5 - (23 + (13 - 41))?
0
Evaluate 3 - -67 - (239 + -200).
31
32 - ((-5 - 15) + 32)
20
What is the value of -2 - (1 - 17) - (71 + -53)?
-4
-5 + (10 - 7 - 6) - (11 - 3)
-16
What is the value of -4 - 2 - (2 + 1 + (6 - 2))?
-13
What is (-30 - 0) + (218 - 197)?
-9
What is (-24 - (-39 - -10)) + -1?
4
Evaluate (1 - -5) + -26 + 28.
8
Calculate (5 - 2) + 120 + -123.
0
Evaluate 2 + -1 - (-320 + 305 - (-9 + 1)).
8
Calculate 6 + (-11 - -8) + -3 + -7 - -5.
-2
Calculate 5 - (40 - 21) - -25.
11
Calculate 5 + 11 + (-10 - 16).
-10
What is the value of -1 - (2 + -9 - (4 + -7)) - -5?
8
Evaluate -17 - ((-16 - -9) + -2 - 30).
22
2 + -32 + 11 - (-5 - -1)
-15
What is the value of (-14 + 9 - -15) + -26 + -2 + 5?
-13
Calculate -465 + 460 - (0 + 1 + -22).
16
Calculate 12 - (1 - -15 - 1).
-3
What is the value of -4 - (2 - 8) - 2 - (158 + -165)?
7
What is -10 + 1 + -8 + 6 + -9 - -12?
-8
Evaluate 38 - 66 - -29 - (0 + -22).
23
34 + (30 + -26 - 69)
-31
What is the value of 31 + -18 + -6 + -2?
5
What is 11 - 24 - -28 - -2 - -1?
18
Evaluate -40 - (-64 - -32) - -27.
19
Calculate (6 - 7) + (2 + -4 - -4).
1
Calculate (13 - 0) + (2 - 6) + 96 + -101.
4
What is the value of -6 - ((5 - (-10 - -23)) + 21)?
-19
Evaluate (-8 - -9) + (1 - (9 - 1)).
-6
What is the value of 27 - 34 - (1 + -2 + 1 - -1)?
-8
-3 + 12 + 1 - (11 + 4)
-5
-44 + 32 - -30 - 39
-21
(-23 - -27) + 14 + -2 + 6
22
What is the value of (-4280 - -4273) + (0 - -32 - (0 + 0))?
25
Evaluate 0 + -41 + -1 - (7939 - 7951).
-30
What is 255 + -261 + (12 - -1 - -3)?
10
158 + -172 + (20 - -2)
8
Calculate -20 + 21 + (-26 + 13 - -4).
-8
What is the value of 1 - 0 - (-1 - 18)?
20
Calculate (-6 - (11 + -7 - 4)) + -7 + 4.
-9
Calculate 18 - (-18 - -33) - (-3 + 12).
-6
What is -3 + -1 + 4 - (-23 + 16)?
7
Calculate -16 - (3 - (10 - 0)).
-9
What is 19 + -1 - (-5 - -5 - -5 - -1)?
12
(2 - 0) + (0 - -7 - 15)
-6
Evaluate -16 - ((-49 - -50) + (-16 - 0) + 9).
-10
What is the value of -3 + (11 - 12) - (1 - 4)?
-1
What is -9 + ((-8 - 3) + 2 - -12)?
-6
-8 + (-1 - -4) + (1 - -28) + -2
22
What is the value of (6 - 3) + 9 + -4?
8
What is the value of 5 + 0 - (21 - (-6 + (-14 - -15)))?
-21
What is -7 + 3 + -4 - (140 + -125) - -8?
-15
What is (4 + -1 - -7) + -29 + -4?
-23
What is the value of 3 - ((8 - 1 - 0) + 1) - 5?
-10
Evaluate 1 - (-4 + 11) - (-8 + 8 + -22).
16
(-7 - ((22 - (-2 + -2)) + 2)) + 8
-27
What is the value of 29 + -41 + (2 - (3 + -6 - -2))?
-9
Calculate 11 - (5 - (-18 - -16)).
4
What is the value of -8 + 0 + 4 + (-15 - -16) + 0?
-3
Evaluate (23 - 14) + (2 - 0 - 1).
10
What is -44 + 44 - ((-2 - -2) + -3 - -1)?
2
-1 + -2 + 1 - (-17 - (83 - 99))
-1
-26 - -17 - (-11 + -9)
11
Evaluate 3 + 3 + 0 - (21 + -26).
11
What is 0 - (2 + (1 - 16))?
13
What is 2 - (12 + -2) - (-25 - -30 - 11)?
-2
What is the value of -4 - (-22 - -5) - (-91 - -81)?
23
42 + -35 + -46 + 13
-26
Calculate (7 - -13 - 22) + 17.
15
Calculate 19 - (36 - 38) - 48.
-27
3 + 1 + 23 + -18 + 9 + 8
26
Evaluate 9 + (1 + (3 - 12) + 6 - -8).
15
What is (-361 - -372) + (-2 - (-23 + -1))?
33
What is -14 - (-56 + 19 - -7)?
16
Evaluate 28 + -31 + -4 + -18.
-25
What is the value of 6 - (-15 - (-19 + -5))?
-3
Calculate 5 - (0 + (2 - 0) + -7).
10
What is the value of 11 + -1 + -71 + -41 + 73?
-29
(3 - 6) + -4 + 12 - 9
-4
Calculate -4 + -3 + (-21 - 19 - -29).
-18
What is the value of 39 - (-49 - -91) - (-1 - 35)?
33
12 - (1 + 12) - -13
12
Evaluate -4 - (-5 + 3 - 15).
13
-24 + (6 - -3 - 2)
-17
What is -4 - (-12 + (1 - (-9 + 1) - 4))?
3
What is (2 - 14) + 83 + -31 + -15?
25
16 + -3 + -6 - (4 - -7)
-4
Calculate 15 + -32 - -1 - -15.
-1
What is -4 - (-12 + -9 + 10)?
7
Calculate -4 + 6 + 0 + -3 - (10 - 0).
-11
What is -11 - (-97 + 62 - (-5 + -1 + 4))?
22
Calculate -1 + -2 + (-710 - -720).
7
What is (-12 + 20 - 5) + -2 + -1 - -4?
4
What is the value of -24 + -2 + 33 + (2 - 5)?
4
What is -19 + 73 - 64 - (15 + -2 + 2)?
-25
126 - 141 - (-55 - 1) - (2 + -2)
41
What is (-2 + -3 - -10) + 2 - (67 - 48)?
-12
What is the value of -1 + 4 + -2 - (11 - (-4 - -8))?
-6
What is (-515 - -523 - (-1 - (0 + -3))) + 1?
7
Calculate -11 - (2 + (11 + -19 - -10)).
-15
What is -2 - (0 - (-2 + -3) - (-1 - 4))?
-12
Evaluate -3 + 12 + -5 + 11.
15
What is the value of -31 - (14 - 25) - -10?
-10
Evaluate 76 - 47 - (0 - 7).
36
Calculate 23 + 7 + 2 + -15 - 3.
14
-1 + -28 + 5 + (-1 - -6) - -5
-14
What is -17 + -3 - (40 - 50)?
-10
(-2 - (1 + 2 - 4)) + 4 + 2
5
Calculate (2 - -41) + -305 + 276.
14
-1 - (7 + (-2 - (-13 - -3)) + -11)
-5
What is 8 + 7 + -3 + -10?
2
Evaluate -12 + (3 - (8 - 3)) + 4.
-10
Evaluate (-11 - 9 - -16) + 0 + 1 + 5.
2
What is the value of 8 - (-7 + 6 + (5 - 5)) - 2?
7
5 + (-9 - (1 + 11)) + 1
-15
What is the value of -4 + 1 - (-8 - 2)?
7
Evaluate -40 + 51 + 57 + -35.
33
What is -1 + 7 + (16 - 18) + -7?
-3
Calculate (-1 - -7) + (-16 - -4) + 1.
-5
Evaluate -43 + 19 + 19 - (32 + -6).
-31
(5 - -1) + -24 - (-1 + -7)
-10
Evaluate (1 - -4) + -7 + -12 + 16.
2
Calculate (20 - -74) + -103 - (-1 - 1).
-7
What is the value of 4 + 44 + -30 + -26?
-8
-144 + 153 + (-6 